 is the remainder when 481 is divided by 11?
8
Calculate the remainder when 1432 is divided by 144.
136
What is the remainder when 143 is divided by 69?
5
What is the remainder when 40 is divided by 22?
18
What is the remainder when 103 is divided by 12?
7
What is the remainder when 144 is divided by 15?
9
What is the remainder when 8740 is divided by 31?
29
What is the remainder when 188 is divided by 39?
32
What is the remainder when 65601 is divided by 28?
25
What is the remainder when 39 is divided by 20?
19
What is the remainder when 314 is divided by 7?
6
What is the remainder when 649 is divided by 437?
212
What is the remainder when 18619 is divided by 196?
195
What is the remainder when 652 is divided by 9?
4
Calculate the remainder when 944 is divided by 9.
8
Calculate the remainder when 429 is divided by 36.
33
What is the remainder when 609 is divided by 201?
6
What is the remainder when 3509 is divided by 293?
286
What is the remainder when 41 is divided by 17?
7
What is the remainder when 589 is divided by 67?
53
Calculate the remainder when 1804 is divided by 9.
4
What is the remainder when 1385 is divided by 329?
69
What is the remainder when 1003 is divided by 53?
49
What is the remainder when 58 is divided by 17?
7
What is the remainder when 313 is divided by 182?
131
What is the remainder when 48 is divided by 18?
12
What is the remainder when 220 is divided by 25?
20
What is the remainder when 260 is divided by 19?
13
What is the remainder when 54 is divided by 15?
9
Calculate the remainder when 261 is divided by 57.
33
Calculate the remainder when 107 is divided by 41.
25
What is the remainder when 36 is divided by 36?
0
Calculate the remainder when 2254 is divided by 141.
139
What is the remainder when 5142 is divided by 245?
242
Calculate the remainder when 555 is divided by 62.
59
What is the remainder when 348 is divided by 14?
12
Calculate the remainder when 4587 is divided by 62.
61
What is the remainder when 834 is divided by 49?
1
Calculate the remainder when 1556 is divided by 38.
36
What is the remainder when 79 is divided by 4?
3
Calculate the remainder when 158 is divided by 5.
3
Calculate the remainder when 297 is divided by 108.
81
Calculate the remainder when 676 is divided by 61.
5
What is the remainder when 3905 is divided by 18?
17
Calculate the remainder when 70 is divided by 40.
30
What is the remainder when 1645 is divided by 409?
9
What is the remainder when 123 is divided by 36?
15
What is the remainder when 607 is divided by 13?
9
Calculate the remainder when 717 is divided by 12.
9
What is the remainder when 425 is divided by 14?
5
Calculate the remainder when 825 is divided by 18.
15
Calculate the remainder when 620 is divided by 48.
44
What is the remainder when 1325 is divided by 51?
50
Calculate the remainder when 299 is divided by 76.
71
Calculate the remainder when 444 is divided by 45.
39
Calculate the remainder when 120 is divided by 21.
15
What is the remainder when 29 is divided by 14?
1
What is the remainder when 4677 is divided by 260?
257
What is the remainder when 277 is divided by 49?
32
Calculate the remainder when 38 is divided by 3.
2
What is the remainder when 7874 is divided by 35?
34
Calculate the remainder when 162 is divided by 33.
30
What is the remainder when 489 is divided by 201?
87
Calculate the remainder when 610 is divided by 349.
261
Calculate the remainder when 15 is divided by 9.
6
Calculate the remainder when 393 is divided by 133.
127
What is the remainder when 2336 is divided by 19?
18
Calculate the remainder when 541 is divided by 31.
14
Calculate the remainder when 448 is divided by 46.
34
What is the remainder when 5270 is divided by 21?
20
What is the remainder when 105 is divided by 44?
17
Calculate the remainder when 282 is divided by 60.
42
What is the remainder when 1341 is divided by 48?
45
What is the remainder when 3333 is divided by 145?
143
What is the remainder when 753 is divided by 248?
9
What is the remainder when 42199 is divided by 211?
210
Calculate the remainder when 263 is divided by 14.
11
Calculate the remainder when 155 is divided by 51.
2
Calculate the remainder when 12142 is divided by 46.
44
What is the remainder when 36 is divided by 31?
5
What is the remainder when 229 is divided by 229?
0
What is the remainder when 1085 is divided by 13?
6
What is the remainder when 842 is divided by 298?
246
Calculate the remainder when 3670 is divided by 27.
25
What is the remainder when 78 is divided by 27?
24
What is the remainder when 136 is divided by 45?
1
Calculate the remainder when 161 is divided by 13.
5
Calculate the remainder when 82 is divided by 41.
0
Calculate the remainder when 216 is divided by 69.
9
Calculate the remainder when 772 is divided by 119.
58
What is the remainder when 80 is divided by 33?
14
What is the remainder when 168 is divided by 25?
18
Calculate the remainder when 1325 is divided by 337.
314
Calculate the remainder when 41 is divided by 40.
1
Calculate the remainder when 641 is divided by 19.
14
Calculate the remainder when 15 is divided by 8.
7
Calculate the remainder when 464 is divided by 11.
2
What is the remainder when 174 is divided by 36?
30
Calculate the remainder when 158 is divided by 110.
48
Calculate the remainder when 106 is divided by 30.
16
Calculate the remainder when 179 is divided by 36.
35
What is the remainder when 489 is divided by 121?
5
What is the remainder when 640 is divided by 72?
64
What is the remainder when 518 is divided by 130?
128
Calculate the remainder when 9501 is divided by 13.
11
What is the remainder when 3475 is divided by 58?
53
Calculate the remainder when 121 is divided by 62.
59
What is the remainder when 787 is divided by 19?
8
Calculate the remainder when 1799 is divided by 24.
23
What is the remainder when 1714 is divided by 498?
220
What is the remainder when 177 is divided by 130?
47
Calculate the remainder when 6334 is divided by 35.
34
What is the remainder when 199 is divided by 30?
19
Calculate the remainder when 1091 is divided by 91.
90
What is the remainder when 649 is divided by 21?
19
What is the remainder when 6875 is divided by 20?
15
What is the remainder when 363 is divided by 82?
35
What is the remainder when 7018 is divided by 17?
14
What is the remainder when 2264 is divided by 11?
9
What is the remainder when 28 is divided by 21?
7
Calculate the remainder when 138 is divided by 53.
32
What is the remainder when 43 is divided by 22?
21
What is the remainder when 1463 is divided by 211?
197
What is the remainder when 1050 is divided by 38?
24
Calculate the remainder when 242 is divided by 36.
26
What is the remainder when 789 is divided by 66?
63
Calculate the remainder when 164 is divided by 39.
8
What is the remainder when 2040 is divided by 14?
10
Calculate the remainder when 90 is divided by 27.
9
What is the remainder when 1729 is divided by 59?
18
What is the remainder when 565 is divided by 18?
7
What is the remainder when 820 is divided by 168?
148
Calculate the remainder when 824 is divided by 75.
74
Calculate the remainder when 17278 is divided by 384.
382
What is the remainder when 39 is divided by 25?
14
What is the remainder when 156 is divided by 53?
50
Calculate the remainder when 987 is divided by 16.
11
Calculate the remainder when 340 is divided by 175.
165
Calculate the remainder when 246 is divided by 18.
12
Calculate the remainder when 6610 is divided by 2197.
19
What is the remainder when 278 is divided by 48?
38
What is the remainder when 208 is divided by 42?
40
What is the remainder when 19568 is divided by 38?
36
Calculate the remainder when 168 is divided by 59.
50
What is the remainder when 273 is divided by 85?
18
Calculate the remainder when 240 is divided by 83.
74
What is the remainder when 8200 is divided by 28?
24
What is the remainder when 574 is divided by 69?
22
What is the remainder when 512 is divided by 163?
23
Calculate the remainder when 3382 is divided by 94.
92
What is the remainder when 7503 is divided by 14?
13
Calculate the remainder when 5623 is divided by 148.
147
Calculate the remainder when 250 is divided by 53.
38
Calculate the remainder when 121 is divided by 4.
1
What is the remainder when 3